3 = h. What is the remainder when w is divided by 23?
22
Suppose -3*l - 1 = -4. Suppose 0 = -r + l + 14. Let u = 85 + -27. Calculate the remainder when u is divided by r.
13
Suppose 0*w + w - 8 = 0. Suppose 2*v - w = 32. Calculate the remainder when 78 is divided by v.
18
Let n(v) = 7*v**2 - 46*v + 50. Let r = 32 - -41. Calculate the remainder when r is divided by n(6).
21
Suppose -3*s - 2*s - 2*o = -27, -25 = -4*s - 5*o. Suppose -5*k = 71 + 24. What is the remainder when k/2*6/(-3) is divided by s?
4
Let t(w) = -w**3 - 5*w**2 - 6*w - 1. Let g = 0 + -5. What is the remainder when t(g) is divided by 10?
9
Suppose -1 = b - 6. Suppose 9*h - 8*h = -b. Let x(f) = -2*f - 6. What is the remainder when 10 is divided by x(h)?
2
Suppose o + 19 = 4*h - 180, -h - 4*o = -54. Calculate the remainder when h is divided by 44.
6
Suppose -4*d + 64 = 8. Let j be (3 - (-12)/(-8))/(3/10). Suppose 0 = -3*z - 4*c + j*c + 113, -z + 35 = -c. What is the remainder when z is divided by d?
11
Let f(r) = -r**3 - 33*r**2 - 62*r + 70. What is the remainder when f(-31) is divided by 25?
20
Suppose 3*g = w - 5, 4*g = -2*w + 4 + 6. Suppose g = b - 8 - 19. Calculate the remainder when 74 is divided by b.
20
Let x = 53 + -56. Let s(n) = -7*n**3 - n**2 + 3*n - 8. Calculate the remainder when s(x) is divided by 41.
40
What is the remainder when ((-4)/((-8)/2))/(5/8240) is divided by 17?
16
Let g = 54 - 22. What is the remainder when g is divided by ((-17)/(-4))/(2/8)?
15
Suppose -1 + 2 = s, -2*l - s = -405. Suppose 4*d + l = -0*i + 2*i, 0 = 5*i - 2*d - 489. What is the remainder when i*(-4)/(-5 - -1) is divided by 33?
31
Suppose -14*q + 5662 = 24*q. Calculate the remainder when q is divided by 70.
9
Let y = 281 - 417. Let n be -4 - (y + -1 + -2). Calculate the remainder when 24 is divided by n/10*(-4)/(-6).
6
Suppose 0 = 2*i - 4*n - 66, 2*i = -2*n + 74 - 8. What is the remainder when 249 is divided by i?
18
Suppose 43 = 5*l - 17. Suppose -1 = y + 2*j - 27, -3*j = 2*y - 54. Suppose -2*g + y = -60. What is the remainder when g is divided by l?
9
Suppose -2*i - u = -10, -6 = -3*i - 3*u + 6*u. Suppose -298 = -i*z + 4*b + 74, -283 = -3*z + b. What is the remainder when z is divided by ((-2)/4)/((-2)/96)?
23
Let q(r) = 74 - 8*r + r + r**3 + 6*r**2 - 66. Suppose 0 = -5*n + 2*t + 2*t - 19, -5*t - 41 = 3*n. Calculate the remainder when 15 is divided by q(n).
7
Let y be ((-1)/(-2))/((-4)/(-48)). Let o(w) = 9*w + 2*w**3 + 5*w**2 - 3*w**3 + 0 - 1. Calculate the remainder when o(y) is divided by 9.
8
Let c(f) = 47*f - 185. Calculate the remainder when 222 is divided by c(4).
0
Calculate the remainder when 3/8 - -2*1000/128 is divided by 1/((-6)/(-9))*2.
1
Let a = 9708 + -9665. Let v(t) = 2*t**2 + 5*t + 3. What is the remainder when a is divided by v(-4)?
13
Suppose 1017 = -41*s + 42*s. Calculate the remainder when s is divided by 85.
82
Suppose 506 = 39*v + 7*v. Suppose 3*d - 8 = d. What is the remainder when v is divided by d?
3
Suppose -3*t + 175 = -68. Let c = -34 + t. What is the remainder when c is divided by 12?
11
Suppose 4*u - 125 = 35. Calculate the remainder when 14 is divided by (u/35)/(1/7).
6
Suppose -2*m + 149 = 5*c - 264, -4*m - 419 = -5*c. What is the remainder when c is divided by 23?
14
Let b(j) = -18*j - 271. What is the remainder when 404 is divided by b(-16)?
13
Let f(x) = x + 7. Let k be f(-5). Suppose -k*s = 5*v - 233 + 23, v + 2*s = 42. Calculate the remainder when v/3 + (-3)/(-1) is divided by 5.
2
Let c = 294 + -199. Suppose 0 = -14*m + 9*m + c. Calculate the remainder when m is divided by 8.
3
Suppose 0 = 2*z + 2, z + 23 = 2*d + 8. Calculate the remainder when 51 is divided by d.
2
Let x = -20999 + 21008. Suppose -5*s + 5*d = -110, -10 = -s - 0*d + 5*d. Calculate the remainder when s is divided by x.
7
Calculate the remainder when 26 is divided by ((-1)/(-5))/((-48)/(-2640)).
4
Suppose -3*t + 12 = -0*t. Suppose -169 = -t*h + 95. Suppose -a + h = -0*a. Calculate the remainder when a is divided by 23.
20
Suppose 14*x = 19*x - 1365. Calculate the remainder when x is divided by 28.
21
Suppose 53 - 131 = -13*k. Calculate the remainder when 110 is divided by k.
2
Let m(u) = 44*u - 1. What is the remainder when 425 is divided by m(1)?
38
Let q(p) = p**2 - 6*p + 25. Let h be q(15). Suppose -6*j + 3*j = 4*n - 320, -j = -2*n + h. Calculate the remainder when n is divided by 41.
39
Suppose 3807 = 5*m - 5*t - 1718, 4*t = 2*m - 2214. Calculate the remainder when m is divided by 41.
37
What is the remainder when 100/75 + (-1390)/(-15) is divided by 19?
18
Suppose -n = 5*i + 17 - 75, 5*i - 2*n = 49. Calculate the remainder when (-4)/(-9) - 1064/(-36) is divided by i.
8
Calculate the remainder when 608 is divided by ((-42 - -1) + 1)*(-79)/316.
8
Let r be 36/(-10)*10/4. Let t(l) = -l**2 - 11*l - 14. What is the remainder when 2 + -4*(-3 - -2) is divided by t(r)?
2
Let n be (-192)/(-36) - (-2)/3. Suppose -n*m + 52 = -2*m. What is the remainder when m is divided by 4?
1
What is the remainder when 16/(-20)*-7*(1 + 54) is divided by 52?
48
Suppose 0 = 6*j - 7*j - 33. Calculate the remainder when 3 + -7 - j/1 is divided by 15.
14
Let w = 89 - 59. Suppose 5*n = 4*n + w. Suppose -26*i = -140*i + 1254. Calculate the remainder when n is divided by i.
8
Suppose 0 = -5*b - 4*t - t + 360, -2*b - t = -140. Let a = b + -64. Let p(m) = -m**3 + 5*m**2 + 2*m - 1. Calculate the remainder when p(5) is divided by a.
1
Calculate the remainder when 44 is divided by -12*-1*(-14)/(-21).
4
Let c be (0 - -6)*(9/(-6) + -3). Let z(t) = -t**3 - 4*t**2 + 5*t + 3. Let x be z(-4). Let f = x - c. Calculate the remainder when 39 is divided by f.
9
Let m(g) = 2*g**2 - 3*g + 2. Let s be m(2). Suppose 2*j - 16 + 4 = -z, -2*z + s = -j. Calculate the remainder when 10 is divided by z.
2
Let p be (-3)/(45/156) - 4/(-10). Calculate the remainder when 24 is divided by (-26)/4*(-12 - p).
11
Suppose -20*c + 8495 = 8115. Suppose -36 = -5*v + 2*b, 2*v + 0*v - 27 = 5*b. What is the remainder when c is divided by v?
1
Suppose 3*c - 5*t = -3*t + 5, 0 = 3*c - 3*t - 3. Suppose c*q = 3*n + 84, -3*n - 3*q - 74 = 40. Calculate the remainder when 1/(2 - n/(-17)) is divided by 10.
7
Let r(t) = 3*t**2 + 3*t + 2. Let n be r(-2). Let k = n - 8. Suppose -3*j - 27 = -3*f, -j = -5*f - k*j + 33. What is the remainder when 21 is divided by f?
3
Let j(i) = 101*i + 433. What is the remainder when j(-4) is divided by 8?
5
Let o = 10 - 12. Let q(p) = -3*p**3 - 2*p**2 - 2*p - 1. Calculate the remainder when 71 is divided by q(o).
14
Suppose -8*q = -3*q + 3*m - 125, 0 = 3*q + m - 79. Let n = 161 - 151. Calculate the remainder when q is divided by n.
8
Suppose -21 = 10*n - 261. Calculate the remainder when 36 is divided by n.
12
Suppose 68*u = -388 + 2224. Calculate the remainder when u is divided by 13 + (-2)/(-2) + 1.
12
Let n = 1615 - 1310. What is the remainder when n is divided by 52?
45
Let f(x) = -x**2 + 7*x. Suppose 2*z + 20 + 41 = u, -2*u + 117 = -3*z. Let i = -12 + u. What is the remainder when i is divided by f(5)?
9
What is the remainder when 159 is divided by (-32)/64*(0 + (-80)/2)?
19
Let c be (24/30)/((-3)/75). What is the remainder when 2 is divided by (-18)/(-14) - c/(-70)?
0
Let b(q) = q**3 - q - 1. Let g(t) = 2*t**3 + 5*t**2 + 2*t + 6. Let h(y) = b(y) - g(y). What is the remainder when h(-6) is divided by 17?
13
What is the remainder when 6 + 0 - (-704)/8 is divided by 25?
19
Suppose -4*j + 8*g + 20 = 4*g, 0 = -4*j + 5*g + 24. What is the remainder when 4 is divided by j/(-2)*2*-2?
0
Suppose 4*a + 90 = 10. Suppose -3*g - 86 - 10 = 0. What is the remainder when 63 is divided by a/2*g/10?
31
Let f(p) = p**3 - p**2 + 1. Let i(o) = 10*o**2 + 4*o + 6. Let g(k) = f(k) + i(k). What is the remainder when g(-7) is divided by 2/9 - (-1074)/27?
37
Let b(t) = -15*t**3 - 6*t**2 - 6*t. Let u be b(-2). Let j = u - 74. Calculate the remainder when j is divided by 19.
15
Let r be -1 + 8 + -3*1. Suppose -y + 2 = r. What is the remainder when 0/y - (-9)/3 is divided by 2?
1
Suppose 2*t - 142 = 3*s + s, 4*s = -2*t + 166. Let l(j) = 7*j - 15. What is the remainder when t is divided by l(5)?
17
Let b = 41 - 0. Suppose -8*t + b + 15 = 0. What is the remainder when 23 is divided by t?
2
Let d = -47 + 13. Suppose -b + 52 = -3*b. Let g = b - d. Calculate 